-7 + 50 = 3*f + 4*u. Suppose -f = 11*v - 61. Calculate y(v).
17
Suppose 17*i = 40*i - 64676. Let j(t) = 2820 + 0*t + t - i. What is j(6)?
14
Let l be (-14)/35*(-2)/2*5. Let o(q) = -99 + 7*q + 2*q**2 + 103 + 0*q**l. Determine o(-4).
8
Let h(x) = 6*x + 1. Suppose -19*n + 17*n + 2*i = 2, -5*n - i = 5. Give h(n).
-5
Let y be -3*(-2)/9 + 38/6. Let q(s) = -2*s**2 + 6*s + 4. What is q(y)?
-52
Let t(h) be the second derivative of 2*h - 9/20*h**5 - 1/6*h**4 - h**2 - 1/2*h**3 - 87. Calculate t(-1).
8
Suppose -63*c = -2*d - 60*c - 13, -2*d - 55 = 3*c. Let l(n) = -n**3 - 18*n**2 - 15*n - 5. What is l(d)?
-39
Let g(x) = -2*x**2 + 31*x + 15. Let s(h) = 3*h**2 - 153*h + 16. Let m be s(51). Determine g(m).
-1
Let v(i) = 6 - 63*i**3 - 4*i**2 + 2*i + 179*i**3 - 55*i**3 + 0*i**2 - 62*i**3. Give v(-5).
21
Let v(x) = -x**3 - 14*x**2 - 51*x - 3. Let y be ((-17)/4 + 2)/(3 - (-42)/(-16)). What is v(y)?
15
Suppose -40*z = -18*z + 132. Let h(x) = x - 5. Calculate h(z).
-11
Let s be (-4)/(-20)*(4 - -21). Suppose s*v + 22 = -98. Let g be ((-5)/3)/(8/v). Let r(o) = -o**2 + 4*o + 3. Give r(g).
-2
Suppose 0*k - 10 = -2*k. Let i(w) = -2*w + 4. Let u be i(k). Let d(g) be the first derivative of -g**4/4 - 7*g**3/3 - 4*g**2 - 8*g + 4039. What is d(u)?
4
Let d(u) be the third derivative of -u**6/120 - u**5/20 - 2*u**3/3 - 10*u**2. Let i(q) = q**2 - 2*q - 172. Let t be i(14). What is d(t)?
12
Let v(y) be the first derivative of -2*y**2 + 9*y + 17. Suppose 12 = 2*k + k. Calculate v(k).
-7
Let o(g) = -g**3 + g**2 + 1. Let i(s) be the first derivative of s**4/2 + s**3/3 - s**2 - 7*s + 45. Let y(f) = -i(f) - 3*o(f). What is y(3)?
1
Suppose 5*w = 4*s + 36, -3*w + 28 = -6*s + 2*s. Let u(f) be the second derivative of -f**5/20 - f**4/3 - 2*f**3/3 + 5*f**2/2 - 47*f + 5. Determine u(s).
21
Let l(h) = h**2 - 10*h. Suppose 3*r - 2*r + 65 = 4*q, 0 = -4*q + 5*r + 53. Suppose -172 = -q*v - 19. Give l(v).
-9
Let d = 483 + -1290. Let g = -809 - d. Let a(j) = -6*j + 2. Give a(g).
14
Let z = 385 + -384. Let a be (-1)/((1 - -1)/(-6)). Let y(l) = l - 4*l - a*l + 7*l + z. Determine y(1).
2
Let a(c) be the first derivative of c**3 - c**2/2 + 52*c + 5721. Give a(0).
52
Let j(f) = 3*f + 56. Let m be j(-18). Let n(u) = m*u**3 - 61*u**2 + 54*u**2 - 3*u**3 - u. Calculate n(-7).
7
Let d(i) = -i**2 - 6*i - 1. Suppose -3*l = -4*l - 26. Let n = 31 + l. Suppose -3*b + n = -g, 5 = -2*g + g + 5*b. What is d(g)?
4
Let n(c) = 216*c**2 + 2157*c - 20. Let d be n(-10). Let t(h) = h**3 - 7*h**2 - 21*h - 8. What is t(d)?
82
Let k(b) = b**2 - b - 5. Let m(h) = 2*h**2 - h - 5. Suppose -3*r - r = -12. Let c(i) = r*k(i) - 2*m(i). Suppose 0 = -48*u - 10*u - 14*u - 11*u. Calculate c(u).
-5
Let y(w) = 11*w + 7 - 523*w**2 - 6*w**3 + 7*w**3 + 537*w**2. Give y(-13).
33
Let v(c) = 2*c**3 - 6*c**2 + 3*c - 11. Suppose -10*t = -8*t - 12, -4 = -2*f + t. Calculate v(f).
104
Let s(q) = q**2 - 4*q + 6. Let f = 144 - 79. Suppose 21*d - f + 2 = 0. Determine s(d).
3
Let y(b) = 2*b. Let l(q) = q**2 - 8*q - 3. Let a(v) = -l(v) - 4*y(v). Give a(6).
-33
Let j(h) = 70*h - 74 - 276*h + 67*h + 71*h + 64*h. Determine j(-17).
-6
Let q be ((-266)/152)/(((-2)/16)/1). Let v(m) = m**3 - 15*m**2 + 15*m + 11. Determine v(q).
25
Let k(h) = 0*h - 3*h + 7 + 4. Let l be k(2). Let r(q) = q**2 - 2*q - 2. Calculate r(l).
13
Let k be ((-6)/(-9))/(-2)*-6. Suppose 3*a + 3*a = k*a. Suppose 6*d = -a*d + 6. Let r(l) = 15*l**2 + 1. What is r(d)?
16
Let c(i) = -i**2 - 10*i - 4. Suppose 0 = 2*k + 2, -5*g + 3*k - 6017 = -0*g. Let t be 2/17 - g/(-119). Give c(t).
-4
Let j(o) = 3*o**2 - o**2 - 3 + o**2 + 1 - o. Let h = 371 - 373. What is j(h)?
12
Let y(c) = -c**3 - 21*c**2 + 20*c - 29. Let f(l) = l**3 + 21*l**2 - 20*l + 29. Let g(h) = -6*f(h) - 5*y(h). Determine g(-22).
15
Let v be (46 - 46) + (11 - -2). Let m(h) = -h**2 + 16*h - 40. What is m(v)?
-1
Let c(i) be the first derivative of -i**3/3 + 3*i**2 + 6*i + 3. Suppose -5*m = 5*p + 65, 9*p = 2*m + 4*p + 19. Let t be -4*2*m/16. Give c(t).
6
Let k(l) = 6*l**2 + 27*l + 21. Let s be 1512/540*(-20)/14. What is k(s)?
9
Let t(y) = -y**3 + y - 5. Let z be t(0). Suppose -l + 8 = p, 5*l = p - 0 + 16. Let b(u) = -2 + 7 - p*u + 6*u - 2. What is b(z)?
-7
Let i(h) be the second derivative of -h**5/10 - 17*h**4/12 + 5*h**3/3 - 3*h**2 + 3714*h. Give i(-9).
-15
Let u(d) = 2*d**2 + 7*d - 2. Let g = -1474 - -1466. What is u(g)?
70
Let u(g) be the first derivative of -1/2*g**2 + 1/3*g**3 + 31*g + 3. Let p(h) be the first derivative of u(h). What is p(1)?
1
Let n(z) = 9*z**2 - 14*z + 27. Let o(k) = 4*k**2 - 7*k + 12. Let b(w) = 3*n(w) - 7*o(w). Give b(10).
-33
Let u(h) = -h**3 - 11*h**2 - 6*h - 15. Let l be (-4)/(-10) + (-6)/(-10) + -2 + -9. Determine u(l).
-55
Let n(l) = -l**2 - l + 1. Let v = -131 - -132. Let x be 6 - (6 - v - 0). Calculate n(x).
-1
Let l be (-30)/(-25) - (36/(-20) - -5 - 6). Let h(r) = -2*r**3 + 2*r**2 + 3*r - 5. Determine h(l).
-89
Let n(o) = o**3 - 2*o**2 - 2*o - 2. Let j(u) = -7*u**2 - 24*u + 2. Let y(f) = 9*f**2 + 24*f - 3. Let z(s) = 5*j(s) + 4*y(s). Let i be z(24). What is n(i)?
-14
Let z(u) = -21*u - 4. Let w(j) = -43*j - 9. Let c(l) = -6*w(l) + 13*z(l). Let o = 2505 - 2507. Determine c(o).
32
Let n(u) = -4*u**2 + 41*u + 7. Let j(w) = -w**2 + 10*w + 2. Let r(m) = 9*j(m) - 2*n(m). Let o be 10/(-25 - 15)*-2*4 - -7. Give r(o).
-5
Let p(j) = -4 - 3 - 6*j + j**2 + 2 - 5. Suppose 16 = -2*c - 116. Let x be -3 + ((-22)/(-33))/((-4)/c). Give p(x).
6
Let l(f) = 4*f**2 - 15 + 120*f - 120*f + 0*f**2. Determine l(0).
-15
Let i(h) be the third derivative of -h**5/12 - h**3/6 + 12*h**2. Let l be 1/(((-4)/16 - 0)*-2). Suppose 3*j - l*u = 3, 0 = 4*u - 0*u. Calculate i(j).
-6
Let c(s) be the second derivative of s**3/6 - 8*s**2 + 2*s - 3. Let q(b) = -3*b + 14. Let d(x) = -6*c(x) - 7*q(x). Determine d(-2).
-32
Suppose -150 = -3*t + 102. Let r be 2/(6/21 - (-18)/t). Let c(n) be the second derivative of n**3/6 - 2*n**2 - 12*n. What is c(r)?
0
Let j be (-10 - -10 - -1)*0/(-1). Let b(d) be the second derivative of -5/2*d**2 - 1/6*d**3 - 4*d + j. Give b(-6).
1
Let t(i) be the first derivative of i**4/4 + i + 1026. Let d(k) be the third derivative of k**6/40 + 8*k**3/3 - k**2. Let s(l) = -d(l) + 2*t(l). Give s(0).
-14
Suppose -573 + 27 = -6*l. Let j = l - 83. Let z(c) = -3 - j*c**2 - 7*c + 9 - 1 - c**3. Determine z(-7).
5
Suppose 592 = 9*h - 443. Let p = h - 110. Let o(u) be the first derivative of u**3/3 - u**2 - 5*u - 1. Give o(p).
10
Let u(d) = -3*d - 22. Let j(q) = q**3 - 56*q**2 + 2*q - 138. Let l be j(56). Determine u(l).
56
Let y(r) = 7*r**3 - 4*r**2 - 5. Let f(v) = -v - 9*v**3 - 144*v**2 + 47*v**2 + 50*v**2 + 6 + 50*v**2. Let a(p) = -4*f(p) - 5*y(p). Determine a(-7).
22
Let d(o) = 2 - 9*o**2 - 12*o**2 + o**3 + 17*o**2 - 2*o. Suppose 0 = -3*s - 2*l + 16, -s = -6*s + 5*l + 35. Let k be 8/s*-1*198/132. Determine d(k).
-18
Let f(b) = 25 + 6 + b**2 + 14*b - 4*b. Let l be f(-4). Let y(t) = -t**3 + 8*t**2 - 3*t. Give y(l).
28
Let a(v) = -3*v**3 + 13*v**2 - 5*v + 3. Let p be a(4). Let y(z) = -11*z**2 + 3*z. Let g(k) = 34*k**2 - 8*k. Let j(l) = -4*g(l) - 11*y(l). Determine j(p).
-14
Let w(j) = j**2 - 2*j. Let b(u) = -4*u**2 + 4*u + 25. Let r(a) = -b(a) - 5*w(a). What is r(10)?
-65
Let n be 2/4 - (-978)/12*-1. Let l = -77 - n. Let t(w) = -9 + 4*w - 5*w**2 + l*w**2 - 14*w. Give t(-9).
0
Let a = 40 + -40. Suppose a = -4*r + 108 + 32. Suppose -o = -6*o + r. Let j(n) = -n**2 + 6*n - 8. Calculate j(o).
-15
Let a(i) be the first derivative of 5*i**2/2 + 3*i - 3. Suppose 0 = 311*n - 233*n - 312. Give a(n).
23
Suppose -21 = b - 4*b. Let w(l) = -4*l**3 + b*l**2 + 5*l**3 + 15 - 8 + 9*l. Let x(c) = c**2 + 13*c + 6. Let r be x(-12). Give w(r).
-11
Suppose -3*q - 12*k - 6 = -21*k, -4*k - 14 = 2*q. Let g(l) = -2*l - 32. Determine g(q).
-22
Suppose 4*b = -3*u + 8 + 13, 4*b - u - 25 = 0. Suppose -2*y - 2*a + 6*a = -b, -12 = -3*y + 3*a. Let t(w) = 1 - 31*w**2 + 16*w**2 + 16*w**2 - 6*w. What is t(y)?
-4
Let m(t) = -t**3 + t**2 - 13. Let w = -77 - -16. Let l = 58 + w. Let n be 3*l/9*(0 - 0). Calculate m(n).
-13
Let z(q) = -3 - 4 + 5*q - 4*q. Suppose -6*j + 55 = -35. Let v be (-3)/(-2)*(j + -9). What is z(v)?
2
Let v(c) = 3*c**3 + 3*c**2 + c - 2. Let w be v(1). Let f(k) = k**2 + 2*k - 5. Give f(w).
30
Let y(b) = -12*b - 34. Let p be y(-22). Let j = p + -223